1
What is the units digit of 2149118?
8
What is the tens digit of 1573631?
3
What is the hundreds digit of 1251384?
3
What is the ten thousands digit of 963406?
6
What is the tens digit of 953121?
2
What is the thousands digit of 580133?
0
What is the hundreds digit of 1273280?
2
What is the units digit of 3188905?
5
What is the units digit of 15339762?
2
What is the tens digit of 3017948?
4
What is the hundred thousands digit of 4491885?
4
What is the ten thousands digit of 17795161?
9
What is the hundreds digit of 171883?
8
What is the thousands digit of 487683?
7
What is the units digit of 1632452?
2
What is the tens digit of 41719?
1
What is the hundreds digit of 9124347?
3
What is the units digit of 654944?
4
What is the hundred thousands digit of 17206895?
2
What is the units digit of 18133?
3
What is the hundreds digit of 358277?
2
What is the thousands digit of 294102?
4
What is the ten thousands digit of 731338?
3
What is the ten thousands digit of 208803?
0
What is the ten thousands digit of 15947156?
4
What is the hundred thousands digit of 1282925?
2
What is the tens digit of 368944?
4
What is the millions digit of 1645505?
1
What is the hundred thousands digit of 323004?
3
What is the ten thousands digit of 12502555?
0
What is the hundreds digit of 9357102?
1
What is the thousands digit of 4219780?
9
What is the hundreds digit of 15737340?
3
What is the units digit of 7990761?
1
What is the hundreds digit of 715499?
4
What is the units digit of 1797103?
3
What is the ten thousands digit of 216219?
1
What is the units digit of 9316428?
8
What is the thousands digit of 47707?
7
What is the millions digit of 4698866?
4
What is the hundreds digit of 2753?
7
What is the hundreds digit of 138409?
4
What is the hundreds digit of 6970417?
4
What is the tens digit of 336979?
7
What is the tens digit of 590255?
5
What is the millions digit of 2087137?
2
What is the ten thousands digit of 3963663?
6
What is the millions digit of 19017019?
9
What is the ten thousands digit of 1730547?
3
What is the units digit of 1726748?
8
What is the millions digit of 1691456?
1
What is the hundreds digit of 45214?
2
What is the ten thousands digit of 16585532?
8
What is the hundred thousands digit of 571107?
5
What is the ten thousands digit of 484497?
8
What is the hundred thousands digit of 325471?
3
What is the ten thousands digit of 426586?
2
What is the ten thousands digit of 908475?
0
What is the tens digit of 158068?
6
What is the millions digit of 1423110?
1
What is the units digit of 407553?
3
What is the tens digit of 15865994?
9
What is the tens digit of 3906687?
8
What is the tens digit of 1970628?
2
What is the tens digit of 2438114?
1
What is the hundred thousands digit of 257208?
2
What is the thousands digit of 392549?
2
What is the units digit of 898472?
2
What is the ten thousands digit of 886851?
8
What is the hundreds digit of 5278862?
8
What is the hundreds digit of 4777545?
5
What is the millions digit of 16653327?
6
What is the thousands digit of 34501?
4
What is the hundreds digit of 22184214?
2
What is the units digit of 4700411?
1
What is the hundreds digit of 25132126?
1
What is the thousands digit of 2010006?
0
What is the ten thousands digit of 97314?
9
What is the thousands digit of 763714?
3
What is the units digit of 902393?
3
What is the units digit of 107155?
5
What is the hundreds digit of 311798?
7
What is the thousands digit of 3226295?
6
What is the ten thousands digit of 1794992?
9
What is the ten thousands digit of 461967?
6
What is the hundreds digit of 306383?
3
What is the thousands digit of 44645?
4
What is the hundred thousands digit of 2233927?
2
What is the ten thousands digit of 980939?
8
What is the units digit of 352453?
3
What is the ten thousands digit of 3360259?
6
What is the thousands digit of 475098?
5
What is the thousands digit of 15170573?
0
What is the hundreds digit of 280957?
9
What is the units digit of 705594?
4
What is the tens digit of 789082?
8
What is the tens digit of 350039?
3
What is the hundreds digit of 175584?
5
What is the hundred thousands digit of 1681812?
6
What is the units digit of 26649?
9
What is the tens digit of 1469771?
7
What is the thousands digit of 205153?
5
What is the millions digit of 3925996?
3
What is the hundred thousands digit of 5967874?
9
What is the tens digit of 442717?
1
What is the hundred thousands digit of 1799941?
7
What is the hundred thousands digit of 555503?
5
What is the tens digit of 1345822?
2
What is the hundred thousands digit of 139251?
1
What is the hundreds digit of 28699962?
9
What is the thousands digit of 895045?
5
What is the hundreds digit of 101981?
9
What is the tens digit of 141433?
3
What is the ten thousands digit of 205540?
0
What is the units digit of 3022670?
0
What is the thousands digit of 2484768?
4
What is the units digit of 259077?
7
What is the units digit of 93613?
3
What is the tens digit of 3628865?
6
What is the units digit of 64892?
2
What is the tens digit of 4623817?
1
What is the ten millions digit of 27836459?
2
What is the hundreds digit of 17185?
1
What is the ten millions digit of 20947890?
2
What is the tens digit of 4129958?
5
What is the hundred thousands digit of 506040?
5
What is the thousands digit of 57484?
7
What is the ten thousands digit of 336660?
3
What is the hundred thousands digit of 1821892?
8
What is the millions digit of 2354063?
2
What is the thousands digit of 657782?
7
What is the hundreds digit of 4379718?
7
What is the hundreds digit of 47904?
9
What is the hundred thousands digit of 7401290?
4
What is the hundred thousands digit of 2150974?
1
What is the tens digit of 63436?
3
What is the ten thousands digit of 200960?
0
What is the thousands digit of 10077873?
7
What is the hundred thousands digit of 14519329?
5
What is the units digit of 454042?
2
What is the ten thousands digit of 97520?
9
What is the tens digit of 497276?
7
What is the hundreds digit of 115933?
9
What is the thousands digit of 185913?
5
What is the hundred thousands digit of 752039?
7
What is the ten thousands digit of 1576034?
7
What is the tens digit of 200938?
3
What is the thousands digit of 230871?
0
What is the tens digit of 1913049?
4
What is the ten thousands digit of 7894814?
9
What is the tens digit of 8414877?
7
What is the thousands digit of 7337248?
7
What is the units digit of 242331?
1
What is the units digit of 4122331?
1
What is the hundred thousands digit of 1978770?
9
What is the hundreds digit of 65361?
3
What is the tens digit of 1399001?
0
What is the tens digit of 953562?
6
What is the hundred thousands digit of 171399?
1
What is the tens digit of 38343?
4
What is the thousands digit of 183979?
3
What is the tens digit of 7557284?
8
What is the tens digit of 2617364?
6
What is the thousands digit of 11143602?
3
What is the units digit of 1141098?
8
What is the tens digit of 14896190?
9
What is the tens digit of 8054059?
5
What is the units digit of 79384?
4
What is the units digit of 698355?
5
What is the hundreds digit of 822566?
5
What is the thousands digit of 1207252?
7
What is the tens digit of 103996?
9
What is the ten thousands digit of 2292158?
9
What is the hundreds digit of 12640187?
1
What is the hundreds digit of 29574009?
0
What is the thousands digit of 194890?
4
What is the ten thousands digit of 730381?
3
What is the thousands digit of 157691?
7
What is the units digit of 12870?
0
What is the hundred thousands digit of 804304?
8
What is the units digit of 632244?
4
What is the tens digit of 3090505?
0
What is the hundreds digit of 2241209?
2
What is the millions digit of 2848483?
2
What is the tens digit of 1365807?
0
What is the units digit of 169636?
6
What is the thousands digit of 2169887?
9
What is the millions digit of 1080873?
1
What is the hundreds digit of 1315901?
9
What is the units digit of 1123132?
2
What is the hundreds digit of 804114?
1
What is the hundreds digit of 315491?
4
What is the millions digit of 1328378?
1
What is the thousands digit of 1200317?
0
What is the tens digit of 1156844?
4
What is the millions digit of 3813062?
3
What is the ten thousands digit of 16982357?
8
What is the ten thousands digit of 77898?
7
What is the millions digit of 21449